{"id":1045,"date":"2022-11-08T13:22:55","date_gmt":"2022-11-08T12:22:55","guid":{"rendered":"https:\/\/elansaintais.asso.fr\/?page_id=1045"},"modified":"2025-10-30T08:13:26","modified_gmt":"2025-10-30T07:13:26","slug":"candidature-ca","status":"publish","type":"page","link":"https:\/\/elansaintais.asso.fr\/blog\/candidature-ca\/","title":{"rendered":"Candidature CA"},"content":{"rendered":"\n<p>Le document suivant est \u00e0 remplir et \u00e0 renvoyer par mail \u00e0 elansaintais@gmail.com<\/p>\n\n\n\n<p>Ou \u00e0 remettre \u00e0 un membre du Conseil d&rsquo;Administration<\/p>\n\n\n\n<div data-wp-interactive=\"core\/file\" class=\"wp-block-file\"><object data-wp-bind--hidden=\"!state.hasPdfPreview\" hidden class=\"wp-block-file__embed\" data=\"https:\/\/elansaintais.asso.fr\/blog\/wp-content\/uploads\/2022\/11\/candidature.pdf\" type=\"application\/pdf\" style=\"width:100%;height:600px\" aria-label=\"Contenu embarqu\u00e9 candidature.\"><\/object><a id=\"wp-block-file--media-78eb358c-eea2-4b09-8ccd-5ea7eb40ae9f\" href=\"https:\/\/elansaintais.asso.fr\/blog\/wp-content\/uploads\/2022\/11\/candidature.pdf\">candidature<\/a><a href=\"https:\/\/elansaintais.asso.fr\/blog\/wp-content\/uploads\/2022\/11\/candidature.pdf\" class=\"wp-block-file__button wp-element-button\" download aria-describedby=\"wp-block-file--media-78eb358c-eea2-4b09-8ccd-5ea7eb40ae9f\">T\u00e9l\u00e9charger<\/a><\/div>\n","protected":false},"excerpt":{"rendered":"<p>Le document suivant est \u00e0 remplir et \u00e0 renvoyer par mail \u00e0 elansaintais@gmail.com Ou \u00e0 remettre \u00e0 un membre du Conseil d&rsquo;Administration<\/p>\n","protected":false},"author":2,"featured_media":0,"parent":0,"menu_order":0,"comment_status":"closed","ping_status":"closed","template":"","meta":{"footnotes":""},"class_list":["post-1045","page","type-page","status-publish","hentry"],"_links":{"self":[{"href":"https:\/\/elansaintais.asso.fr\/blog\/wp-json\/wp\/v2\/pages\/1045","targetHints":{"allow":["GET"]}}],"collection":[{"href":"https:\/\/elansaintais.asso.fr\/blog\/wp-json\/wp\/v2\/pages"}],"about":[{"href":"https:\/\/elansaintais.asso.fr\/blog\/wp-json\/wp\/v2\/types\/page"}],"author":[{"embeddable":true,"href":"https:\/\/elansaintais.asso.fr\/blog\/wp-json\/wp\/v2\/users\/2"}],"replies":[{"embeddable":true,"href":"https:\/\/elansaintais.asso.fr\/blog\/wp-json\/wp\/v2\/comments?post=1045"}],"version-history":[{"count":2,"href":"https:\/\/elansaintais.asso.fr\/blog\/wp-json\/wp\/v2\/pages\/1045\/revisions"}],"predecessor-version":[{"id":3110,"href":"https:\/\/elansaintais.asso.fr\/blog\/wp-json\/wp\/v2\/pages\/1045\/revisions\/3110"}],"wp:attachment":[{"href":"https:\/\/elansaintais.asso.fr\/blog\/wp-json\/wp\/v2\/media?parent=1045"}],"curies":[{"name":"wp","href":"https:\/\/api.w.org\/{rel}","templated":true}]}}