{"id":2981,"date":"2025-09-09T21:05:42","date_gmt":"2025-09-09T19:05:42","guid":{"rendered":"https:\/\/elansaintais.asso.fr\/blog\/?page_id=2981"},"modified":"2025-09-14T15:54:07","modified_gmt":"2025-09-14T13:54:07","slug":"calendrier-handball","status":"publish","type":"page","link":"https:\/\/elansaintais.asso.fr\/blog\/calendrier-handball\/","title":{"rendered":"Calendrier Handball"},"content":{"rendered":"\n<p>Matchs \u00e0 domicile : les cours sont avanc\u00e9s \u00e0 12 H Gym et 13H Stretching<\/p>\n\n\n\n<figure class=\"wp-block-image size-large\"><img loading=\"lazy\" decoding=\"async\" width=\"706\" height=\"1024\" src=\"https:\/\/elansaintais.asso.fr\/blog\/wp-content\/uploads\/2025\/09\/IMG20250909171651-1-706x1024.jpg\" alt=\"\" class=\"wp-image-2990\" srcset=\"https:\/\/elansaintais.asso.fr\/blog\/wp-content\/uploads\/2025\/09\/IMG20250909171651-1-706x1024.jpg 706w, https:\/\/elansaintais.asso.fr\/blog\/wp-content\/uploads\/2025\/09\/IMG20250909171651-1-207x300.jpg 207w, https:\/\/elansaintais.asso.fr\/blog\/wp-content\/uploads\/2025\/09\/IMG20250909171651-1-768x1113.jpg 768w, https:\/\/elansaintais.asso.fr\/blog\/wp-content\/uploads\/2025\/09\/IMG20250909171651-1-1060x1536.jpg 1060w, https:\/\/elansaintais.asso.fr\/blog\/wp-content\/uploads\/2025\/09\/IMG20250909171651-1-1413x2048.jpg 1413w, https:\/\/elansaintais.asso.fr\/blog\/wp-content\/uploads\/2025\/09\/IMG20250909171651-1-1320x1913.jpg 1320w, https:\/\/elansaintais.asso.fr\/blog\/wp-content\/uploads\/2025\/09\/IMG20250909171651-1-scaled.jpg 1766w\" sizes=\"auto, (max-width: 706px) 100vw, 706px\" \/><\/figure>\n","protected":false},"excerpt":{"rendered":"<p>Matchs \u00e0 domicile : les cours sont avanc\u00e9s \u00e0 12 H Gym et 13H Stretching<\/p>\n","protected":false},"author":3,"featured_media":0,"parent":0,"menu_order":0,"comment_status":"closed","ping_status":"closed","template":"","meta":{"footnotes":""},"class_list":["post-2981","page","type-page","status-publish","hentry"],"_links":{"self":[{"href":"https:\/\/elansaintais.asso.fr\/blog\/wp-json\/wp\/v2\/pages\/2981","targetHints":{"allow":["GET"]}}],"collection":[{"href":"https:\/\/elansaintais.asso.fr\/blog\/wp-json\/wp\/v2\/pages"}],"about":[{"href":"https:\/\/elansaintais.asso.fr\/blog\/wp-json\/wp\/v2\/types\/page"}],"author":[{"embeddable":true,"href":"https:\/\/elansaintais.asso.fr\/blog\/wp-json\/wp\/v2\/users\/3"}],"replies":[{"embeddable":true,"href":"https:\/\/elansaintais.asso.fr\/blog\/wp-json\/wp\/v2\/comments?post=2981"}],"version-history":[{"count":4,"href":"https:\/\/elansaintais.asso.fr\/blog\/wp-json\/wp\/v2\/pages\/2981\/revisions"}],"predecessor-version":[{"id":3015,"href":"https:\/\/elansaintais.asso.fr\/blog\/wp-json\/wp\/v2\/pages\/2981\/revisions\/3015"}],"wp:attachment":[{"href":"https:\/\/elansaintais.asso.fr\/blog\/wp-json\/wp\/v2\/media?parent=2981"}],"curies":[{"name":"wp","href":"https:\/\/api.w.org\/{rel}","templated":true}]}}