{"id":89,"date":"2021-08-07T00:44:09","date_gmt":"2021-08-06T22:44:09","guid":{"rendered":"https:\/\/elansaintais.asso.fr\/?page_id=89"},"modified":"2023-08-28T11:18:04","modified_gmt":"2023-08-28T09:18:04","slug":"reglement-interieur","status":"publish","type":"page","link":"https:\/\/elansaintais.asso.fr\/blog\/reglement-interieur\/","title":{"rendered":"R\u00e8glement int\u00e9rieur"},"content":{"rendered":"\n<p>Il fixe des points de d\u00e9tail sur les diff\u00e9rentes activit\u00e9s ainsi que le comportement et les tenues \u00e0 avoir dans les salles.<\/p>\n\n\n\n<div data-wp-interactive=\"core\/file\" class=\"wp-block-file\"><object data-wp-bind--hidden=\"!state.hasPdfPreview\" hidden class=\"wp-block-file__embed\" data=\"https:\/\/elansaintais.asso.fr\/blog\/wp-content\/uploads\/2023\/08\/RI-elan-saintais-2022.pdf\" type=\"application\/pdf\" style=\"width:100%;height:600px\" aria-label=\"Contenu embarqu\u00e9 RI-elan-saintais-2022.\"><\/object><a id=\"wp-block-file--media-687f71e0-cd3c-4edd-877e-48ed42c440e8\" href=\"https:\/\/elansaintais.asso.fr\/blog\/wp-content\/uploads\/2023\/08\/RI-elan-saintais-2022.pdf\">RI-elan-saintais-2022<\/a><a href=\"https:\/\/elansaintais.asso.fr\/blog\/wp-content\/uploads\/2023\/08\/RI-elan-saintais-2022.pdf\" class=\"wp-block-file__button wp-element-button\" download aria-describedby=\"wp-block-file--media-687f71e0-cd3c-4edd-877e-48ed42c440e8\">T\u00e9l\u00e9charger<\/a><\/div>\n\n\n\n<p>Ne pas oublier que durant les exercices, il convient de s&rsquo;hydrater r\u00e9guli\u00e8rement. Pensez donc \u00e0 apporter votre bouteille d&rsquo;eau.<\/p>\n","protected":false},"excerpt":{"rendered":"<p>Il fixe des points de d\u00e9tail sur les diff\u00e9rentes activit\u00e9s ainsi que le comportement et les tenues \u00e0 avoir dans les salles. Ne pas oublier que durant les exercices, il convient de s&rsquo;hydrater r\u00e9guli\u00e8rement. Pensez donc \u00e0 apporter votre bouteille d&rsquo;eau.<\/p>\n","protected":false},"author":2,"featured_media":0,"parent":0,"menu_order":0,"comment_status":"closed","ping_status":"closed","template":"","meta":{"footnotes":""},"class_list":["post-89","page","type-page","status-publish","hentry"],"_links":{"self":[{"href":"https:\/\/elansaintais.asso.fr\/blog\/wp-json\/wp\/v2\/pages\/89","targetHints":{"allow":["GET"]}}],"collection":[{"href":"https:\/\/elansaintais.asso.fr\/blog\/wp-json\/wp\/v2\/pages"}],"about":[{"href":"https:\/\/elansaintais.asso.fr\/blog\/wp-json\/wp\/v2\/types\/page"}],"author":[{"embeddable":true,"href":"https:\/\/elansaintais.asso.fr\/blog\/wp-json\/wp\/v2\/users\/2"}],"replies":[{"embeddable":true,"href":"https:\/\/elansaintais.asso.fr\/blog\/wp-json\/wp\/v2\/comments?post=89"}],"version-history":[{"count":1,"href":"https:\/\/elansaintais.asso.fr\/blog\/wp-json\/wp\/v2\/pages\/89\/revisions"}],"predecessor-version":[{"id":1736,"href":"https:\/\/elansaintais.asso.fr\/blog\/wp-json\/wp\/v2\/pages\/89\/revisions\/1736"}],"wp:attachment":[{"href":"https:\/\/elansaintais.asso.fr\/blog\/wp-json\/wp\/v2\/media?parent=89"}],"curies":[{"name":"wp","href":"https:\/\/api.w.org\/{rel}","templated":true}]}}